{"id":269,"date":"2020-06-26T11:03:46","date_gmt":"2020-06-26T11:03:46","guid":{"rendered":"http:\/\/consto.themezinho.net\/?page_id=269"},"modified":"2022-03-10T07:47:47","modified_gmt":"2022-03-10T07:47:47","slug":"leadership","status":"publish","type":"page","link":"https:\/\/www.albavia.al\/sq\/leadership\/","title":{"rendered":"Leadership"},"content":{"rendered":"<p>[vc_row use_container=&#8221;yes&#8221;][vc_column][vc_row_inner][vc_column_inner][ts_section_title title=&#8221;Ekipi Drejtues&#8221; tagline=&#8221;ALBAVIA&#8221;][\/vc_column_inner][\/vc_row_inner][ts_image_box image=&#8221;892&#8243;][\/vc_column][\/vc_row][vc_row motts_theme_padding=&#8221;no&#8221; use_container=&#8221;yes&#8221; use_predefined_class=&#8221;yes&#8221; predefined_class=&#8221;white-space-top&#8221; section_background_image=&#8221;227&#8243;][vc_column][vc_row_inner][vc_column_inner offset=&#8221;vc_col-md-8&#8243;][ts_cta_yellow_box title=&#8221;Gj\u00ebja e par\u00eb q\u00eb nd\u00ebrtojm\u00eb jan\u00eb marr\u00ebdh\u00ebniet&#8221; text_content=&#8221;Keni nj\u00eb projekt p\u00ebr t\u00eb zhvilluar dhe keni nevoj\u00eb p\u00ebr k\u00ebshillat e ekspert\u00ebve t\u00eb fush\u00ebs? N\u00eb Albavia kemi ekspert\u00ebt m\u00eb t\u00eb mir\u00eb me p\u00ebrvoj\u00eb t\u00eb gjer\u00eb n\u00eb fush\u00ebn e nd\u00ebrtimit t\u00eb cil\u00ebt do t&#8217;ju asistojn\u00eb me k\u00ebrkes\u00ebn tuaj.&#8221; button_label=&#8221;KONTAKTONI&#8221; button_url=&#8221;\/website\/albavia\/contact\/&#8221;][\/vc_column_inner][\/vc_row_inner][\/vc_column][\/vc_row]<\/p>\n","protected":false},"excerpt":{"rendered":"<p>[vc_row use_container=&#8221;yes&#8221;][vc_column][vc_row_inner][vc_column_inner][ts_section_title title=&#8221;Ekipi Drejtues&#8221; tagline=&#8221;ALBAVIA&#8221;][\/vc_column_inner][\/vc_row_inner][ts_image_box image=&#8221;892&#8243;][\/vc_column][\/vc_row][vc_row motts_theme_padding=&#8221;no&#8221; use_container=&#8221;yes&#8221; use_predefined_class=&#8221;yes&#8221; predefined_class=&#8221;white-space-top&#8221; section_background_image=&#8221;227&#8243;][vc_column][vc_row_inner][vc_column_inner offset=&#8221;vc_col-md-8&#8243;][ts_cta_yellow_box title=&#8221;Gj\u00ebja e par\u00eb q\u00eb nd\u00ebrtojm\u00eb jan\u00eb marr\u00ebdh\u00ebniet&#8221; text_content=&#8221;Keni nj\u00eb projekt p\u00ebr t\u00eb zhvilluar dhe keni nevoj\u00eb p\u00ebr k\u00ebshillat e ekspert\u00ebve t\u00eb fush\u00ebs? N\u00eb Albavia kemi ekspert\u00ebt m\u00eb t\u00eb mir\u00eb me p\u00ebrvoj\u00eb t\u00eb gjer\u00eb n\u00eb fush\u00ebn e nd\u00ebrtimit t\u00eb cil\u00ebt do t&#8217;ju asistojn\u00eb me [&hellip;]<\/p>\n","protected":false},"author":1,"featured_media":0,"parent":0,"menu_order":0,"comment_status":"closed","ping_status":"closed","template":"page-builder.php","meta":{"footnotes":""},"_links":{"self":[{"href":"https:\/\/www.albavia.al\/sq\/wp-json\/wp\/v2\/pages\/269"}],"collection":[{"href":"https:\/\/www.albavia.al\/sq\/wp-json\/wp\/v2\/pages"}],"about":[{"href":"https:\/\/www.albavia.al\/sq\/wp-json\/wp\/v2\/types\/page"}],"author":[{"embeddable":true,"href":"https:\/\/www.albavia.al\/sq\/wp-json\/wp\/v2\/users\/1"}],"replies":[{"embeddable":true,"href":"https:\/\/www.albavia.al\/sq\/wp-json\/wp\/v2\/comments?post=269"}],"version-history":[{"count":22,"href":"https:\/\/www.albavia.al\/sq\/wp-json\/wp\/v2\/pages\/269\/revisions"}],"predecessor-version":[{"id":893,"href":"https:\/\/www.albavia.al\/sq\/wp-json\/wp\/v2\/pages\/269\/revisions\/893"}],"wp:attachment":[{"href":"https:\/\/www.albavia.al\/sq\/wp-json\/wp\/v2\/media?parent=269"}],"curies":[{"name":"wp","href":"https:\/\/api.w.org\/{rel}","templated":true}]}}

<p>[vc_row use_container=&#8221;yes&#8221;][vc_column][vc_row_inner][vc_column_inner][ts_section_title title=&#8221;Ekipi Drejtues&#8221; tagline=&#8221;ALBAVIA&#8221;][/vc_column_inner][/vc_row_inner][ts_image_box image=&#8221;892&#8243;][/vc_column][/vc_row][vc_row motts_theme_padding=&#8221;no&#8221; use_container=&#8221;yes&#8221; use_predefined_class=&#8221;yes&#8221; predefined_class=&#8221;white-space-top&#8221; section_background_image=&#8221;227&#8243;][vc_column][vc_row_inner][vc_column_inner offset=&#8221;vc_col-md-8&#8243;][ts_cta_yellow_box title=&#8221;Gjëja e parë që ndërtojmë janë marrëdhëniet&#8221; text_content=&#8221;Keni një projekt për të zhvilluar dhe keni nevojë për këshillat e ekspertëve të fushës? Në Albavia kemi ekspertët më të mirë me përvojë të gjerë në fushën e ndërtimit të cilët do t&#8217;ju asistojnë me kërkesën tuaj.&#8221; button_label=&#8221;KONTAKTONI&#8221; button_url=&#8221;/website/albavia/contact/&#8221;][/vc_column_inner][/vc_row_inner][/vc_column][/vc_row]</p>

<p>[vc_row use_container=&#8221;yes&#8221;][vc_column][vc_row_inner][vc_column_inner][ts_section_title title=&#8221;Ekipi Drejtues&#8221; tagline=&#8221;ALBAVIA&#8221;][/vc_column_inner][/vc_row_inner][ts_image_box image=&#8221;892&#8243;][/vc_column][/vc_row][vc_row motts_theme_padding=&#8221;no&#8221; use_container=&#8221;yes&#8221; use_predefined_class=&#8221;yes&#8221; predefined_class=&#8221;white-space-top&#8221; section_background_image=&#8221;227&#8243;][vc_column][vc_row_inner][vc_column_inner offset=&#8221;vc_col-md-8&#8243;][ts_cta_yellow_box title=&#8221;Gjëja e parë që ndërtojmë janë marrëdhëniet&#8221; text_content=&#8221;Keni një projekt për të zhvilluar dhe keni nevojë për këshillat e ekspertëve të fushës? Në Albavia kemi ekspertët më të mirë me përvojë të gjerë në fushën e ndërtimit të cilët do t&#8217;ju asistojnë me [&hellip;]</p>
